{"id":13,"date":"2025-10-08T09:45:48","date_gmt":"2025-10-08T09:45:48","guid":{"rendered":"https:\/\/missionsaintluc.fr\/?page_id=13"},"modified":"2025-10-08T12:07:47","modified_gmt":"2025-10-08T10:07:47","slug":"home","status":"publish","type":"page","link":"https:\/\/missionsaintluc.fr\/","title":{"rendered":"Home"},"content":{"rendered":"\n<div class=\"wp-block-cover alignfull is-light hestia-clear-top-padding\"><span aria-hidden=\"true\" class=\"wp-block-cover__background has-white-background-color has-background-dim-100 has-background-dim\"><\/span><div class=\"wp-block-cover__inner-container is-layout-flow wp-block-cover-is-layout-flow\">\n<div style=\"height:40px\" aria-hidden=\"true\" class=\"wp-block-spacer\"><\/div>\n\n\n\n<div class=\"wp-block-columns container is-layout-flex wp-container-core-columns-is-layout-28f84493 wp-block-columns-is-layout-flex\">\n<div class=\"wp-block-column is-layout-flow wp-block-column-is-layout-flow\"><div class=\"wp-block-image\">\n<figure class=\"aligncenter size-large\"><img decoding=\"async\" src=\"https:\/\/missionsaintluc.fr\/wp-content\/themes\/hestia\/assets\/img\/feat1.png\" alt=\"\" class=\"wp-image-70\"\/><\/figure>\n<\/div>\n\n\n<h5 class=\"wp-block-heading has-text-align-center has-text-color\" style=\"color:#3c4858;font-size:18px\">Envie de vivre ta foi avec d\u2019autres \u00e9tudiants ?<\/h5>\n\n\n\n<p class=\"has-text-align-center has-text-color\" style=\"color:#999999;font-size:14px\">Rejoins&nbsp;<strong>l\u2019aum\u00f4nerie des \u00e9tudiants<\/strong>&nbsp;!<\/p>\n\n\n\n<ul style=\"color:#999999;font-size:14px\" class=\"wp-block-list has-text-color\"><\/ul>\n\n\n\n<p class=\"has-text-align-center has-text-color\" style=\"color:#999999;font-size:14px\">Un moment pour&nbsp;<strong>prier, rencontrer, et grandir dans la foi<\/strong>&nbsp;au c\u0153ur d\u2019une communaut\u00e9 joyeuse et bienveillante.<\/p>\n<\/div>\n\n\n\n<div class=\"wp-block-column is-layout-flow wp-block-column-is-layout-flow\"><div class=\"wp-block-image\">\n<figure class=\"aligncenter size-large\"><img decoding=\"async\" src=\"https:\/\/missionsaintluc.fr\/wp-content\/themes\/hestia\/assets\/img\/feat2.png\" alt=\"\" class=\"wp-image-71\"\/><\/figure>\n<\/div>\n\n\n<h5 class=\"wp-block-heading has-text-align-center has-text-color\" style=\"color:#3c4858;font-size:18px\">En colocation avec l\u2019aum\u00f4nerie des \u00e9tudiants ?<\/h5>\n\n\n\n<p class=\"has-text-align-center has-text-color\" style=\"color:#999999;font-size:14px\">Tu cherches un\u00a0<strong>logement \u00e9tudiant<\/strong>\u00a0tout en partageant<strong> ta foi<\/strong>\u00a0et\u00a0<strong>vivre des temps fraternels<\/strong>\u00a0avec d\u2019autres jeunes ?<\/p>\n\n\n\n<p class=\"has-text-align-center has-text-color\" style=\"color:#999999;font-size:14px\">Rejoins la\u00a0<strong>vingtaine d\u2019\u00e9tudiants<\/strong>\u00a0qui habitent d\u00e9j\u00e0 dans nos\u00a0<strong>cinq colocations<\/strong>\u00a0\u00e0 Brest !<\/p>\n<\/div>\n\n\n\n<div class=\"wp-block-column is-layout-flow wp-block-column-is-layout-flow\"><div class=\"wp-block-image\">\n<figure class=\"aligncenter size-large\"><img decoding=\"async\" src=\"https:\/\/missionsaintluc.fr\/wp-content\/themes\/hestia\/assets\/img\/feat3.png\" alt=\"\" class=\"wp-image-72\"\/><\/figure>\n<\/div>\n\n\n<h5 class=\"wp-block-heading has-text-align-center has-text-color\" style=\"color:#3c4858;font-size:18px\">Deviens volontaire \u00e0 Mission Saint-Luc !<\/h5>\n\n\n\n<p class=\"has-text-align-center has-text-color\" style=\"color:#999999;font-size:14px\">Rejoins une ann\u00e9e d\u2019engagement unique au c\u0153ur de la&nbsp;<strong>Mission Saint-Luc<\/strong>&nbsp;:<\/p>\n\n\n\n<p class=\"has-text-align-center has-text-color\" style=\"color:#999999;font-size:14px\">Une exp\u00e9rience riche de sens, de rencontres et de foi \u2014&nbsp;<strong>une aventure qui marquera ta vie !<\/strong><\/p>\n\n\n\n<div style=\"height:25px\" aria-hidden=\"true\" class=\"wp-block-spacer\"><\/div>\n<\/div>\n<\/div>\n\n\n\n<div style=\"height:40px\" aria-hidden=\"true\" class=\"wp-block-spacer\"><\/div>\n<\/div><\/div>\n\n\n\n<div class=\"wp-block-columns container is-layout-flex wp-container-core-columns-is-layout-28f84493 wp-block-columns-is-layout-flex\">\n<div class=\"wp-block-column col-md-5 is-layout-flow wp-block-column-is-layout-flow\">\n<div style=\"height:55px\" aria-hidden=\"true\" class=\"wp-block-spacer\"><\/div>\n\n\n\n<h2 class=\"wp-block-heading\">Une \u00e9quipe engag\u00e9e \u00e0 vos c\u00f4t\u00e9s<\/h2>\n\n\n\n<p>L\u2019\u00e9quipe se compose du P\u00e8re&nbsp;<strong>Joseph<\/strong>, notre aum\u00f4nier ; de&nbsp;<strong>Gw\u00e9nol\u00e9<\/strong>, adjointe de la maison ; de&nbsp;<strong>St\u00e9phanie<\/strong>, en charge des colocations de l\u2019aum\u00f4nerie des \u00e9tudiants ; et b\u00e9n\u00e9ficie du soutien pr\u00e9cieux d\u2019<strong>Anne-Claire<\/strong>.<\/p>\n\n\n\n<p>Chaque jour, nous vous accueillons avec joie \u00e0&nbsp;<strong>l\u2019Espace Saint-Luc<\/strong>, lieu de rencontre et de partage.<br>Ensemble, nous \u0153uvrons \u00e0 la mise en \u0153uvre des projets port\u00e9s par&nbsp;<strong>l\u2019\u00e9quipe pastorale<\/strong>, dans un esprit d\u2019\u00e9coute et de service.<\/p>\n\n\n\n<p>Nous avons \u00e9galement la chance d\u2019\u00eatre entour\u00e9s d\u2019une&nbsp;<strong>grande \u00e9quipe de b\u00e9n\u00e9voles<\/strong>, engag\u00e9s r\u00e9guli\u00e8rement ou ponctuellement, dont l\u2019aide et la disponibilit\u00e9 sont essentielles \u00e0 la vitalit\u00e9 de notre mission.<\/p>\n<\/div>\n\n\n\n<div class=\"wp-block-column col-md-6 col-md-offset1 is-layout-flow wp-block-column-is-layout-flow\">\n<div style=\"height:55px\" aria-hidden=\"true\" class=\"wp-block-spacer\"><\/div>\n\n\n\n<figure class=\"wp-block-image size-large\"><img decoding=\"async\" src=\"https:\/\/missionsaintluc.fr\/wp-content\/themes\/hestia\/assets\/img\/about-content.png\" alt=\"\" class=\"wp-image-81\"\/><\/figure>\n\n\n\n<p><\/p>\n<\/div>\n<\/div>\n","protected":false},"excerpt":{"rendered":"<p>Une \u00e9quipe engag\u00e9e \u00e0 vos c\u00f4t\u00e9s L\u2019\u00e9quipe se compose du P\u00e8re&nbsp;Joseph, notre aum\u00f4nier ; de&nbsp;Gw\u00e9nol\u00e9, adjointe de la maison ; de&nbsp;St\u00e9phanie, en charge des colocations de l\u2019aum\u00f4nerie des \u00e9tudiants ; et b\u00e9n\u00e9ficie du soutien pr\u00e9cieux d\u2019Anne-Claire. Chaque jour, nous vous accueillons avec joie \u00e0&nbsp;l\u2019Espace Saint-Luc, lieu de rencontre et de [&hellip;]<\/p>\n","protected":false},"author":1,"featured_media":0,"parent":0,"menu_order":0,"comment_status":"closed","ping_status":"closed","template":"","meta":{"footnotes":""},"class_list":["post-13","page","type-page","status-publish","hentry"],"_links":{"self":[{"href":"https:\/\/missionsaintluc.fr\/index.php?rest_route=\/wp\/v2\/pages\/13","targetHints":{"allow":["GET"]}}],"collection":[{"href":"https:\/\/missionsaintluc.fr\/index.php?rest_route=\/wp\/v2\/pages"}],"about":[{"href":"https:\/\/missionsaintluc.fr\/index.php?rest_route=\/wp\/v2\/types\/page"}],"author":[{"embeddable":true,"href":"https:\/\/missionsaintluc.fr\/index.php?rest_route=\/wp\/v2\/users\/1"}],"replies":[{"embeddable":true,"href":"https:\/\/missionsaintluc.fr\/index.php?rest_route=%2Fwp%2Fv2%2Fcomments&post=13"}],"version-history":[{"count":5,"href":"https:\/\/missionsaintluc.fr\/index.php?rest_route=\/wp\/v2\/pages\/13\/revisions"}],"predecessor-version":[{"id":53,"href":"https:\/\/missionsaintluc.fr\/index.php?rest_route=\/wp\/v2\/pages\/13\/revisions\/53"}],"wp:attachment":[{"href":"https:\/\/missionsaintluc.fr\/index.php?rest_route=%2Fwp%2Fv2%2Fmedia&parent=13"}],"curies":[{"name":"wp","href":"https:\/\/api.w.org\/{rel}","templated":true}]}}